dreds digit of 360590?
5
What is the ten thousands digit of 1194526?
9
What is the hundreds digit of 550005?
0
What is the hundreds digit of 6987330?
3
What is the ten thousands digit of 883638?
8
What is the hundred thousands digit of 16770979?
7
What is the hundreds digit of 673998?
9
What is the hundreds digit of 30860?
8
What is the hundreds digit of 255945?
9
What is the millions digit of 1330083?
1
What is the thousands digit of 2055869?
5
What is the units digit of 7219281?
1
What is the hundreds digit of 2421936?
9
What is the tens digit of 60389?
8
What is the units digit of 882023?
3
What is the hundreds digit of 1180590?
5
What is the units digit of 3115599?
9
What is the ten thousands digit of 12972926?
7
What is the thousands digit of 7334740?
4
What is the tens digit of 7917771?
7
What is the hundreds digit of 246984?
9
What is the ten thousands digit of 4508487?
0
What is the millions digit of 2744895?
2
What is the tens digit of 132911?
1
What is the millions digit of 6659523?
6
What is the hundreds digit of 943111?
1
What is the hundred thousands digit of 5211288?
2
What is the units digit of 2867?
7
What is the ten millions digit of 12152239?
1
What is the millions digit of 8295720?
8
What is the thousands digit of 8139094?
9
What is the ten thousands digit of 640462?
4
What is the thousands digit of 10182019?
2
What is the thousands digit of 3464709?
4
What is the tens digit of 163508?
0
What is the units digit of 72109?
9
What is the thousands digit of 5045832?
5
What is the ten thousands digit of 2792541?
9
What is the thousands digit of 211469?
1
What is the ten thousands digit of 16649981?
4
What is the ten thousands digit of 569469?
6
What is the tens digit of 71948?
4
What is the hundreds digit of 102563?
5
What is the millions digit of 3181433?
3
What is the thousands digit of 1383150?
3
What is the hundreds digit of 1140030?
0
What is the hundred thousands digit of 1491822?
4
What is the tens digit of 3144476?
7
What is the ten thousands digit of 1229960?
2
What is the millions digit of 13098355?
3
What is the tens digit of 92866?
6
What is the tens digit of 164631?
3
What is the thousands digit of 350613?
0
What is the millions digit of 7857319?
7
What is the millions digit of 18477803?
8
What is the hundred thousands digit of 459121?
4
What is the units digit of 7983083?
3
What is the hundreds digit of 953523?
5
What is the units digit of 2418939?
9
What is the units digit of 8294?
4
What is the tens digit of 784416?
1
What is the units digit of 134735?
5
What is the hundred thousands digit of 23018007?
0
What is the ten thousands digit of 2208520?
0
What is the ten thousands digit of 514039?
1
What is the tens digit of 258702?
0
What is the tens digit of 736720?
2
What is the units digit of 748018?
8
What is the ten thousands digit of 89028?
8
What is the hundreds digit of 31315?
3
What is the millions digit of 28414368?
8
What is the hundred thousands digit of 261848?
2
What is the hundreds digit of 91509?
5
What is the hundred thousands digit of 1221835?
2
What is the hundreds digit of 5339387?
3
What is the ten millions digit of 14998084?
1
What is the thousands digit of 164297?
4
What is the ten thousands digit of 120737?
2
What is the ten thousands digit of 27147382?
4
What is the millions digit of 7106905?
7
What is the millions digit of 1790768?
1
What is the millions digit of 9290814?
9
What is the ten thousands digit of 478174?
7
What is the hundreds digit of 314168?
1
What is the thousands digit of 400222?
0
What is the thousands digit of 295407?
5
What is the thousands digit of 10510668?
0
What is the units digit of 14551504?
4
What is the hundreds digit of 864283?
2
What is the thousands digit of 51807?
1
What is the ten thousands digit of 943663?
4
What is the hundreds digit of 15560?
5
What is the thousands digit of 3871912?
1
What is the ten thousands digit of 1866357?
6
What is the units digit of 983433?
3
What is the hundreds digit of 1835731?
7
What is the thousands digit of 363983?
3
What is the tens digit of 295964?
6
What is the hundreds digit of 192606?
6
What is the millions digit of 3986869?
3
What is the tens digit of 844866?
6
What is the thousands digit of 229836?
9
What is the units digit of 5828354?
4
What is the tens digit of 259779?
7
What is the tens digit of 209536?
3
What is the thousands digit of 3829697?
9
What is the ten millions digit of 40731183?
4
What is the ten thousands digit of 19628997?
2
What is the ten thousands digit of 67725?
6
What is the hundreds digit of 1070561?
5
What is the tens digit of 1059274?
7
What is the units digit of 759494?
4
What is the ten thousands digit of 155538?
5
What is the ten thousands digit of 4929607?
2
What is the units digit of 11522705?
5
What is the units digit of 51378?
8
What is the units digit of 1261158?
8
What is the hundreds digit of 2101358?
3
What is the millions digit of 18148642?
8
What is the units digit of 183925?
5
What is the tens digit of 659396?
9
What is the tens digit of 6680696?
9
What is the ten millions digit of 12534927?
1
What is the thousands digit of 1181113?
1
What is the tens digit of 340833?
3
What is the ten thousands digit of 213929?
1
What is the thousands digit of 411547?
1
What is the ten thousands digit of 86378?
8
What is the millions digit of 3332517?
3
What is the thousands digit of 2140571?
0
What is the units digit of 252286?
6
What is the tens digit of 799009?
0
What is the hundred thousands digit of 1497743?
4
What is the thousands digit of 156648?
6
What is the thousands digit of 1530015?
0
What is the thousands digit of 524930?
4
What is the hundred thousands digit of 22709633?
7
What is the thousands digit of 9685225?
5
What is the units digit of 6367874?
4
What is the ten millions digit of 28747186?
2
What is the hundreds digit of 50646?
6
What is the hundreds digit of 141988?
9
What is the units digit of 1085121?
1
What is the units digit of 156658?
8
What is the thousands digit of 376592?
6
What is the units digit of 7831312?
2
What is the hundred thousands digit of 163008?
1
What is the ten thousands digit of 264599?
6
What is the thousands digit of 46200?
6
What is the hundreds digit of 1397087?
0
What is the units digit of 3550798?
8
What is the thousands digit of 924914?
4
What is the hundreds digit of 710879?
8
What is the tens digit of 25653117?
1
What is the hundreds digit of 10356783?
7
What is the thousands digit of 107334?
7
What is the thousands digit of 1682031?
2
What is the tens digit of 11291097?
9
What is the tens digit of 219350?
5
What is the millions digit of 1370515?
1
What is the hundred thousands digit of 28221823?
2
What is the thousands digit of 79859?
9
What is the tens digit of 873319?
1
What is the units digit of 2604392?
2
What is the units digit of 1301614?
4
What is the thousands digit of 4957990?
7
What is the hundreds digit of 134612?
6
What is the thousands digit of 3135138?
5
What is the hundred thousands digit of 4273685?
2
What is the thousands digit of 260903?
0
What is the units digit of 141884?
4
What is the ten thousands digit of 1504180?
0
What is the tens digit of 607436?
3
What is the thousands digit of 1939504?
9
What is the tens digit of 13995?
9
What is the ten thousands digit of 508537?
0
What is the units digit of 75534?
4
What is the millions digit of 3025151?
3
What is the millions digit of 7157073?
7
What is the hundreds digit of 891399?
3
What is the thousands digit of 633680?
3
What is the hundreds digit of 9892741?
7
What is the hundreds digit of 1014603?
6
What is the ten thousands digit of 971488?
7
What is the units digit of 32679778?
8
What is the tens digit of 105006?
0
What is the tens digit of 3353782?
8
What is the hundreds digit of 2417468?
4
What is the millions digit of 1707160?
1
What is the hundred thousands digit of 1032785?
0
What is the ten thousands digit of 22840925?
4
What is the hundreds digit of 897186?
1
What is the tens digit of 3980696?
9
What is the units digit of 47830?
0
What is the units digit of 1488428?
8
What is the units digit of 232206?
6
What is the ten thousands digit of 5973403?
7
What is the tens digit of 343094?
9
What is the units digit of 28087189?
9
What is the units digit of 44703?
3
What i